 Suppose 24 = -3*w - 5*n, w - 4*n - 8 = 1. Give h(w).
-11
Let z be 1/(-3)*(2 - -1). Let a(o) = 5*o + 3. Let q(b) = -26*b - 16. Let f(c) = 11*a(c) + 2*q(c). What is f(z)?
-2
Let w(l) = l - 1. Let m be w(5). Let i be 14/m + 2/4. Let h(z) = 3 + z - i + z. Calculate h(4).
7
Let v = -12 + 22. Suppose 8*i - 36 = v*i. Let n be i*(-1)/(2 - -1). Let k(s) = -s**2 + 8*s - 9. Calculate k(n).
3
Let o(h) = h**3 + 7*h**2 + 6*h - 8. Let i(q) = -q - 2. Let t be i(4). Determine o(t).
-8
Let w(x) = 4*x**3 - x**2 + 2*x + 4. Suppose -5*k = 2*n + 13, n - 2 = k + 2*n. Let y(z) = 3*z**3 - z**2 + z + 5. Let g(o) = k*y(o) + 2*w(o). What is g(0)?
-7
Let q = -37/6 - -19/3. Let g(d) be the third derivative of q*d**4 + 0*d**3 - 1/120*d**6 + 0*d - 1/60*d**5 + 0 + 3*d**2. Determine g(-3).
6
Let x(a) be the second derivative of -a**3/2 - 3*a**2/2 + 11*a. What is x(-3)?
6
Let o(r) = -r**3 - r**2 - r + 6. Let z(b) = b**2 - 6*b + 5. Let w be 4/6 - (-10)/3. Let s be 2 + -4 + 3 + w. Let d be z(s). Calculate o(d).
6
Let q(k) be the third derivative of -k**4/24 - 6*k**2. Suppose 4 - 1 = -v. Determine q(v).
3
Let l(c) = -6*c**3 + 2*c**2 + c + 6. Let x(m) = -7*m**3 + 3*m**2 + 6. Let q(f) = -6*l(f) + 5*x(f). Let w be 5/(-6) + (-1078)/132 + 5. Determine q(w).
2
Suppose 5*q = -3*u + 8*u + 5, -3 = -3*u + q. Let m(a) = 0 - 2 - 3*a**3 + 5*a**3 - 3*a**3. Give m(u).
-10
Let n(q) = -4*q**2 + q. Let u be -5*(3/(-5) + 0). Suppose 7*x = u*x. Let s be x/(-3) - (0 + 1). Calculate n(s).
-5
Let p(b) = 5*b**2 - b**3 + 2 - b - 1 + 5. Let y = -113 + 118. What is p(y)?
1
Let a(z) = z**2 - 8*z + 10. Suppose 3*i - 12 = -4*y, -7*y = 4*i - 3*y - 20. Determine a(i).
10
Let m = 14 - 14. Suppose m = t - 2 + 6. Let g(z) = z + 1. Determine g(t).
-3
Let k(s) = s**2 + 2*s + 2. Let j be k(-2). Let c be 0/(2/(j + -1)). Let g(i) be the first derivative of i**4/4 - i**2/2 + 4*i + 28. Calculate g(c).
4
Let z(j) = 115 + 2*j - 115. Give z(-3).
-6
Let s(h) = -h - 6. Suppose -17 = -4*x + 91. Let a(k) = 2*k**2 - 3*k + 1. Let b be a(2). Suppose 5*y = 3*f - x, y - 6*y - b = 3*f. Calculate s(y).
-3
Let n(o) = o**2 - 1. Let l be n(-2). Suppose -5 - 1 = -l*d. Let r(b) = b. What is r(d)?
2
Let v(j) = -3*j**3 + j**2 + 4*j. Let r(k) = -10*k**3 + 2*k**2 + 12*k - 1. Suppose -2*g = 3*g + 35. Let d(n) = g*v(n) + 2*r(n). What is d(4)?
-2
Let i(w) = -w**3 - 8*w**2 - 9*w - 10. Let s be i(-7). Let z(y) = -y**3 + 3*y**2 + y + 2. Calculate z(s).
-10
Let n(q) be the first derivative of -q**6/360 + q**5/60 + q**4/12 - 2*q**3/3 - 3. Let f(b) be the third derivative of n(b). Suppose 2*o = -2 + 8. Give f(o).
-1
Let j(u) = -u + 1 + 7 - 7. Determine j(5).
-4
Let n(k) = -4*k**3 + k**2 + k. Let j be n(-1). Let p(w) = -6 + 1 + 1 - j*w - 3*w**2 + 2. What is p(-2)?
-6
Let r(j) = 3*j + j**3 - j**3 + 1 - j**3 + j**2. Let q(x) = 4*x - 1. Let u(f) = -17*f + 4. Let m(d) = 9*q(d) + 2*u(d). Let l be m(2). Calculate r(l).
-8
Let b(r) = r**2 - 8*r + 6. Suppose c - 3*m + 2 = -c, 0 = -c - 4*m + 21. Suppose 2*q + 9 = 1, -2 = 3*j + c*q. Give b(j).
-6
Let b(x) = x**2 + 7*x + 8. Let y be b(-7). Let m(a) = a + 1. Calculate m(y).
9
Let k(b) = 8*b**2 - b. Let y be 5*(2 - 36/15). Let j = 7 + y. Let q = 6 - j. Determine k(q).
7
Let o(b) = -b**2 + 3 + 4*b - 5*b - 4*b. Let s(l) = -l**2 - 3*l + 4. Let u be s(-3). Suppose 6 = a - 2*y + 2, -39 = u*a + 3*y. Calculate o(a).
-3
Suppose -10 = -5*l - 0. Let z(x) = -2 + 7 - l - x - 1. Determine z(0).
2
Let k(w) be the third derivative of -w**4/24 - w**3/6 + w**2. Let c(z) = -z**3 + 6*z**2 + z - 8. Let g be 0 + 12/3 + 2. Let n be c(g). Calculate k(n).
1
Suppose -4*q + 17 = -19. Suppose 5*i - q = -r, i + r = -r. Let b(c) = i*c + c - 6 + 6*c**2 - c**3 + 2*c**3. Give b(-5).
4
Let k(r) = -2*r + 1. Let b be 1 + -3 + (7 - 1). Determine k(b).
-7
Let g(w) = -w**3 + 7*w**2 + 6*w + 2. Let m(q) = 2*q**3 - 13*q**2 - 12*q - 5. Let n(i) = -5*g(i) - 3*m(i). Calculate n(5).
10
Let b = 4 - 2. Let m(r) = -2*r - b + 3*r - 1. Let z be -3*1*(-4)/(-3). Calculate m(z).
-7
Let s(o) = o**2 + 10*o - 9. Let i(d) = -d**2 - 14*d + 41. Let c be i(-17). Give s(c).
-9
Let l(v) = 6*v**3 + v**2 - 1. Let z be l(1). Let b(i) = i**2 - 5*i + 2. Give b(z).
8
Let z(k) be the first derivative of -k**2/2 + 3*k + 2. Calculate z(5).
-2
Let t(k) = k**2 - k - 12. Let d(c) = 4*c - 3. Let a(m) = 5*m - 3. Let g(x) = 5*a(x) - 6*d(x). Let v be g(-3). Determine t(v).
-12
Let h(p) be the third derivative of -p**4/24 + p**3 + p**2. Give h(6).
0
Let b(y) = -10*y**3 + 2*y - 1. Let x = -7 - -2. Let l = 6 + x. Determine b(l).
-9
Let o = 9 + -4. Let r(q) = -q**3 + 2*q**2 + q - 2. Let y be r(2). Let x(n) = -4*n + y*n - 3 + n**2 - n. Calculate x(o).
-3
Let c(k) = -k**2 + 4*k - 2. Let f = -22 - -27. Calculate c(f).
-7
Suppose h = -2*h + 2*r - 15, 3*r + 23 = -2*h. Let m = h - -13. Let l(c) = -c + 1. What is l(m)?
-5
Let t = 13 + -9. Suppose 0 = -a - t*a. Let s(o) = -o**2 - o + 1. Determine s(a).
1
Suppose 0*d - 2*d = -8. Let k = 6 - d. Let h(j) = -3*j**k + 2 + j + j**3 + 0*j**2 + 0*j. Give h(3).
5
Let i(c) be the third derivative of -c**6/120 + 2*c**5/15 + c**4/12 - 5*c**3/3 + 4*c**2. Calculate i(8).
6
Let q(t) be the first derivative of -t**2 + 4*t + 1. Let m be ((-2)/(-5))/(6/(-30)). Let j = m - -6. Determine q(j).
-4
Let d(l) = l**3 + 2*l**2 + 2*l + 1. Suppose -5*m + m + 17 = -5*c, -m = c - 2. What is d(c)?
0
Suppose -2*f = -0*r - 4*r + 26, -f + 2 = r. Let s(w) = 2*w - 1. What is s(r)?
9
Let k(t) = -t**3 + t**2 + 1. Let i = -38 - -41. Give k(i).
-17
Let k(a) = -a - 5. Suppose f + f + 5*m + 26 = 0, 0 = 3*m + 12. What is k(f)?
-2
Let i(f) = f**3 - 3*f**2 + 4. Let u = 16 - 13. Give i(u).
4
Let h(g) = 2*g**3 - 4*g**2 + 2*g + 1. Let l be (2 + 3)/((-55)/(-22)). Give h(l).
5
Let h(c) = c**3 - 7*c**2 + 9*c + 10. Let g be h(5). Let i(y) = 3*y - 4. Determine i(g).
11
Let q(w) = 2 + w + 1 + 3. Suppose 5*x + 27 = -8. Let i be q(x). Let u(j) = -7*j - 1. Determine u(i).
6
Let n(b) = -5*b - 7. Let o(u) = 25*u + 38. Let h(c) = 11*n(c) + 2*o(c). Suppose -i - 2*i + 6 = 0. Calculate h(i).
-11
Let g(u) be the first derivative of u**7/840 + u**6/360 + u**5/120 + u**4/24 - 2*u**3 - 6. Let s(h) be the third derivative of g(h). Calculate s(-2).
-5
Suppose 2*y + 4 + 14 = 0. Let l(s) = 4*s - 3. Let b(c) = -16*c + 13. Let m(h) = y*l(h) - 2*b(h). Give m(-1).
5
Let m(r) = -3*r**3 - 3*r**2 - 11*r + 11. Let a(l) = -2*l**3 - 2*l**2 - 6*l + 6. Let f = -8 + 13. Let y(p) = f*a(p) - 3*m(p). Let c = 5 + -8. Give y(c).
6
Let a(f) be the second derivative of f**4/12 - 4*f**3/3 + f**2/2 + 7*f. Give a(6).
-11
Let c(w) = 7*w**3 + 10*w**2 + 2*w + 2. Let m be 1/(2/(-24)*2). Let a(p) = -6*p**3 - 9*p**2 - p - 2. Let l(r) = m*a(r) - 5*c(r). Let v = -13 - -8. Give l(v).
-3
Let j(u) = u - 1. Let t be j(3). Let z(b) = -18*b**2 + 19*b**2 + t*b - b. Calculate z(-2).
2
Let o(k) = -k - 3. Let q(a) = -3*a - 5 - 2 + 0. Let t(r) = 5*o(r) - 2*q(r). Give t(-3).
-4
Let l(o) = 4*o**2 - 7*o + 3. Let i(m) = -5*m**2 + 7*m - 4. Let u(z) = -5*i(z) - 6*l(z). Calculate u(-7).
2
Let x(a) be the first derivative of -5 - a**2 + 0*a**3 - 1/2*a**4 + a. Let q(o) = -o**3 - 7*o**2 + 1. Let z be q(-7). Give x(z).
-3
Let f(d) = -4*d**2 - d + 4. Let m(x) = 20*x**2 + 6*x - 21. Let l(n) = -11*f(n) - 2*m(n). Let t = 14 - 6. Suppose -2*r + t = 4. What is l(r)?
12
Let t(m) = m**2 - 20*m + 40. Let a be t(18). Let b(d) = -3*d + 6. Calculate b(a).
-6
Let h(v) = -3*v**2. Let b(y) = -2*y**2 - y + 1. Let m(f) = 4*b(f) - 3*h(f). Determine m(3).
1
Let q(r) = 2*r**3 - 2*r + 1. Let w(z) = z - 2. Let l = 5 - 2. Let d be w(l). Determine q(d).
1
Let s be (-4)/6 - (-2)/3. Let g(d) be the first derivative of d**4/4 - d**3/3 + d**2/2 + d - 9. Give g(s).
1
Let t = -164 + 170. Let g(w) = 4*w. Let u(b) = -7*b + 1. Let r(o) = 5*g(o) + 3*u(o). Calculate r(t).
-3
Let q = 31 - 26. Let h(j) be the second derivative of -j**5/20 + j**4/2 - j**3 + 5*j**2/2 + j. Determine h(q).
0
Let d(a) = 4*a**3 - 7*a**2 + 6*a + 11. Let s(w) = 7*w**3 - 15*w**2 + 13*w + 21. Let q(n) = -5*d(n) + 3*s(n). Determine q(9).
8
Let s(x) = x**3 - 6*x**2 + 7*x. Let o be (-23)/(-7) + (-6)/21. Suppose -o*y + y = -24. Let u = y + -7. Give s(u).
10
Let u(r) = 4*r**2 - r + 1. Let q be u(1). Suppose q*m - 2*j = 4, 0 = -5*m + 4*j + 8. Suppose 25 = 5*t - m. Let k(d) = d**3 - 4*d**2 - 7*d + 6. Determine k(t).
-4
Suppose -2*w = 6*w - 